z**2 - 4*z + 1. Let w(y) = -4*y**2 + 3*y. Let n(g) = -3*m(g) - 2*w(g). Give n(f).
6
Let s(q) = q**3 - 3*q**2 + q + 2. Let r be s(3). Suppose -3*n + 4*y - 5 = 0, -n + 4*n - 5*y = -10. Let w(a) = 2*a - 4 + 0 + 4 - n. Give w(r).
5
Let k(b) be the first derivative of -b**3/3 + 15*b**2/2 + 35*b - 598. What is k(17)?
1
Let x(n) = -n**3 - 5*n**2 - 5. Suppose q - i = -0*i + 27, -4*i = -2*q + 64. Suppose -60 = q*f - 10*f. Give x(f).
-5
Let n(a) = 2*a**3 + 62*a**2 - 60*a + 136. Let o be n(-32). Let y(x) = 2*x - 10. Let c(q) = q. Let g(l) = -c(l) + y(l). Give g(o).
-2
Let c(o) = -o - 13. Let p = 34 + -49. Let x be c(p). Let m(i) be the first derivative of i**3/3 + 2*i**2 - 3*i - 8. Calculate m(x).
9
Let i(b) = 23*b**2 + 10*b + 20. Let d(n) = -50*n**2 - 20*n - 41. Let g(p) = -6*d(p) - 13*i(p). Let q be 1 + -2*(-1 - 4). Give g(q).
-3
Let q(d) = -2*d + 2. Let a(z) = 1 + 7*z**3 + z**2 - 4*z**3 - 2*z**3 + 2*z - 4*z. Let t be a(2). Let g(c) = c**2 - 10*c + 7. Let y be g(t). What is q(y)?
6
Suppose 3*h = z - 3, 6*h = 4*z + 10*h - 28. Let k(b) = -5*b**2 + 4*b - 3. Let d(q) = -q**2 - q. Let o(g) = -4*d(g) + k(g). What is o(z)?
9
Let x(i) = -2*i**3 - 2*i**2 + i - 1. Let j be x(-2). Suppose 0*g - 10 = j*g. Let s(t) = t**3 + 92256*t - 92256*t + 2. What is s(g)?
-6
Suppose -5*s + 2*u = -2*u - 46, -2*u = 8. Let r = s + -1. Let q(f) = 14 - r*f + 5*f - f. What is q(6)?
8
Let r(w) = w**2 - 5*w - 4. Let h be r(5). Let n(d) be the first derivative of d**2/2 + 3*d + 5163. Give n(h).
-1
Let i(f) = -f**3 - 5*f**2 - f - 3. Let j be i(-5). Suppose 0 = 2*n + j*n - 8. Let k(x) = 5 + x**2 - x**3 - x**n - x + 5*x**2 - 6*x. Calculate k(4).
-7
Let t(k) = -k + 2. Let q(r) = -6*r + 19. Let y(d) = q(d) - 7*t(d). Suppose 7*i = 3*i - 36. Give y(i).
-4
Let s(l) = 3*l + 5. Let x(v) be the third derivative of -v**5/20 - v**4/8 + v**3/3 + 14*v**2. Let n be x(-2). What is s(n)?
-7
Let i = -41 + 35. Let j(f) = -f**2 - f - 1. Let p(k) = k**3 - 2. Let g(t) = i*j(t) + p(t). What is g(-5)?
-1
Let w(x) = x + 14. Let c(f) = -f - 28. Let p(o) = 6*c(o) + 11*w(o). Let n(g) = g + 1. Let s(k) = 4*n(k) - p(k). Calculate s(0).
18
Let q(c) = -c**2 - 7*c - 7. Let h be 20*((-10)/4 + 3). Suppose 8 = 2*p - h. Suppose 3*l - 2 = d - 2*l, -d - 2*l - p = 0. Calculate q(d).
-7
Let g(c) = 2*c**2 - 4*c**2 + 133*c - 267*c + 133*c - 3. Determine g(-2).
-9
Let x(v) = v**2 + 4*v + 2. Suppose 4*q - 16 = 0, -2*l + 5*q + 132 - 156 = 0. Give x(l).
-2
Let h(w) = w**2 + 2*w. Let n(q) = 4*q**3 - q**2. Let o(f) = 2*f - 35. Let j be o(17). Let r be n(j). Give h(r).
15
Suppose 444 = 78*k - 74*k. Let d = k + -108. Let l(h) = h**3 - h**2 - h - 4. Determine l(d).
11
Let l(k) = -k + 8. Let m be (4 + -3)*3/1. Suppose -21 = -m*b + 39. Suppose b + 8 = 4*w - 2*t, -4*w + 5*t + 34 = 0. Give l(w).
2
Let v(h) = 56*h**3 - h. Suppose 5*x = r + 16, -2*x - x + 14 = -5*r. Determine v(r).
-55
Let w(a) = 9*a**3 + a**2 - a - 1. Suppose -3*z = 4*u - 3, 3*u = 2*z + 3*z - 5. Calculate w(z).
8
Let h = -8 + 12. Suppose -3*z = 2*z + h*m - 47, 2*m - 6 = 0. Let t = 13 - z. Let b(x) = x**3 - 6*x**2 + 1. Calculate b(t).
1
Let z(o) = -o**2 + 9. Let u be (-2 + 90/35)/(6/(-63)). Give z(u).
-27
Let x = 50 + -31. Let n = x - 13. Suppose -2 = 2*k + w, -2*w - n = 2. Let s(r) = 2*r - 1. Calculate s(k).
1
Let o(q) = 3*q + 5. Let d(i) = 1 + 20*i + 16 + 16 - 1. Let u(g) = -5*d(g) + 32*o(g). Give u(2).
-8
Suppose 5*l + 5*z = 4*z + 15, -3*z + 13 = -l. Let y(d) = -l - 2 - 4*d - 2 - 2 + d**2. Calculate y(6).
4
Let o(b) be the second derivative of b**3/6 + 5*b**2/2 - 38*b. Suppose 8 - 24 = -2*c. Let n(m) = m - 11. Let y be n(c). Calculate o(y).
2
Let i(b) = 2 + 0*b**2 + b**2 - 1. Let j(o) = -o**2 - 7*o + 7. Let y be j(-7). Let c = y - 10. Give i(c).
10
Let k(z) = z**3 + 6*z**2 + 5*z + 4. Suppose 9*w - 8*w - 20 = 0. Let l be 2/(1/(w/(-8))). What is k(l)?
4
Let m(d) = -d**2 + 18*d - 19. Let l be m(14). Let x(c) = -l*c - c**2 + 21*c + 3 + 21*c. Calculate x(4).
7
Let h be 2/4 - 69/2. Let q be 1/3 - h/6. Let s(j) be the first derivative of -3*j**2/2 + 7*j + 1675. Determine s(q).
-11
Let f(q) be the third derivative of -q**5/60 + 7*q**4/24 - 5*q**3/6 - q**2. Suppose -j + 5*y - 17 = y, -j + 3*y = 16. Let u = 18 + j. Give f(u).
5
Let g(r) be the second derivative of r**5/20 - 7*r**4/12 - 4*r**3/3 + r**2/2 + 158*r. Determine g(8).
1
Let o = 1 + 1. Let k(f) be the second derivative of -1/2*f**3 + 3/2*f**2 + 1/12*f**4 + 0 + 21*f. Determine k(o).
1
Let f(g) be the third derivative of -g**6/180 + g**5/24 - 23*g**4/24 - 7*g**2. Let p(v) be the second derivative of f(v). What is p(4)?
-11
Let a(i) = -i**3 + 6*i**2 - 4*i + 2. Let g(r) = 5 - 4 - 258*r + 3 + 1 + 257*r. Suppose 3*j + 3 = -f, -j - f - 3 = j. Let k be g(j). Determine a(k).
7
Let f(n) be the second derivative of n**4/24 - 5*n**3/6 + 3*n**2/2 + 39*n. Let x(w) be the first derivative of f(w). Calculate x(4).
-1
Let c(w) be the first derivative of w**3/3 - 5*w**2 - 19*w - 750. Calculate c(12).
5
Let z(a) be the third derivative of -a**5/60 - 3*a**4/8 + 11*a**3/6 - 807*a**2. Suppose 0 = 2*t + 18 + 2. Determine z(t).
1
Let l(d) = -4*d. Let k be (-42)/3 + 2/2. Let b = 13 + k. Suppose -8 = -4*c - b. Calculate l(c).
-8
Let h(b) = -6*b - 6*b**2 - 2*b**3 - 5 + b**3 + 0*b**3. Let j = -107 + 162. Suppose -9*r + j = -20*r. Determine h(r).
0
Let u(r) be the third derivative of 3*r**5/10 - 42*r**2. Calculate u(1).
18
Let k(f) = -3*f**3 - 2*f**2 - f + 2. Let w be (6 + -15)*4/18. Calculate k(w).
20
Let d be 2 + 0 + 0/(-1). Suppose -4*i + 6 = -d*h, h + 7 + 3 = -5*i. Let z(v) = -v**2 - 3*v - 1. Determine z(h).
-11
Let r be 27/(-9) + 2*-1. Let w(z) be the third derivative of z**5/60 + z**4/24 + z**3/6 + 11*z**2. Calculate w(r).
21
Suppose 3*b - 24*w - 47 = -26*w, 2*b = -w + 31. Let c(h) = 2*h**2 - 30*h + 14. Give c(b).
14
Let o(c) be the first derivative of -3 + 0*c + 1/2*c**2. Calculate o(-6).
-6
Let o be (-1)/(-1) + -2 + 7. Let q(b) = -6*b**2 + 2*b**2 + 2*b**3 + o*b - 3*b**3. Suppose -10*n = -2*n + 40. What is q(n)?
-5
Let a(q) = 13*q**2 - 25*q**2 - 2 - 5*q + 0 + 7*q**2 + 6*q**2. Calculate a(6).
4
Let s(o) = -3*o + 8. Let z(d) = -4*d + 13. Let t(p) = 8*s(p) - 5*z(p). Determine t(3).
-13
Let u(m) = 457*m**3 + 17*m**2 - 232*m**3 + 16*m - 224*m**3. What is u(-16)?
0
Let t(j) be the third derivative of -j**5/60 - 5*j**4/12 + j**3/2 - 24*j**2. Let v be t(-10). Let p(o) = -o**3 + 2*o**2 + 3*o - 1. What is p(v)?
-1
Suppose 5*b - 52 = -5*w + 4*w, 12 = -4*w. Suppose -3*n = -b*n - 32. Let f(j) = 2*j - 1. What is f(n)?
-9
Let s = -2 - -3. Suppose 0 = a - 3 + s. Let k(l) = 2*l - 4*l + a + l - l**2 - 1. Calculate k(0).
1
Let x(j) = -j**3 + 29*j**2 - j + 32. Let u be x(29). Let o(t) = -13*t - u*t + 4*t**2 - 2*t**3 + 13*t + 2. Determine o(2).
-4
Suppose 9*k + 415 = 14*k. Let d = 78 - k. Let o(m) = -m**2 - 6*m - 6. Give o(d).
-1
Let d(r) = -9*r + 1. Let l(t) = 8*t - 1. Let c(h) = -5*d(h) - 6*l(h). Let i(q) = -q**2 - 9*q + 11. Let o be i(-10). Give c(o).
-2
Suppose -10*q - 114 = -29*q. Let y(z) = -7*z - 9. Let v(w) = w + 2. Let k(m) = q*v(m) + y(m). Let x(o) = o**3 - 5*o**2 + 4*o. Let t be x(4). What is k(t)?
3
Let g(a) = -a**3 - a**2 + 4*a. Let f(h) = 2*h**2 - 5*h. Let r(p) = -2*f(p) - 3*g(p). What is r(2)?
16
Let q(h) be the third derivative of h**6/240 + h**5/30 - 5*h**4/12 - 5*h**2. Let u(y) be the second derivative of q(y). Determine u(-4).
-8
Let z(a) = a**2 - 5*a + 4. Suppose 2*l - 28 = -18. Calculate z(l).
4
Let d(k) = -89*k**3 + 5 + 182*k**3 - 4*k**2 + 2*k - 94*k**3. Determine d(-4).
-3
Let r = 22 + -11. Let y = 13 - r. Let f(i) = -29 + 35 + 4*i - y*i - 4*i. What is f(4)?
-2
Let k(y) = y**3 - y**2 + y + 5. Let l be k(0). Let f(o) = -2 + 73*o**2 + 51*o - 37*o**2 - 50*o - 41*o**2 + o**3. Calculate f(l).
3
Let r(z) be the third derivative of -z**6/120 - z**5/10 + 5*z**4/24 - 5*z**3/6 - 14*z**2 - 21. Calculate r(-7).
9
Let s(w) = w**2 + 1. Let b(t) = t**3 - t**2 - t - 4. Let a(o) = b(o) + 3*s(o). Give a(2).
13
Let y(b) = 2*b**2 + 7*b + 9. Let m be -8 - 29/((-145)/30). What is y(m)?
3
Let v(t) = 6*t + 2 - 2*t**2 - 16*t + 13*t. Calculate v(3).
-7
Let k(m) = m**3 - 9*m**2 + m - 6. Let s(i) = 5*i**3 - 37*i**2 + 6*i - 25. Let o(p) = -9*k(p) + 2*s(p). What is o(-6)?
22
Let d be (-12 - (2 + -3)) + 0/(-3). Let a(b) = b + 13. Give a(d).
2
Let v(p) = -4*p**3 - 12*p**